d 20277?
751
What is the highest common divisor of 174636460 and 40?
20
Calculate the greatest common factor of 1405626 and 23.
1
Calculate the greatest common divisor of 32374862 and 338.
26
What is the greatest common factor of 1453618 and 10?
2
Calculate the greatest common factor of 23995751 and 65.
13
What is the highest common factor of 38035483 and 1415?
283
What is the highest common divisor of 4042332 and 78624?
756
What is the highest common factor of 69258677 and 730?
73
What is the greatest common divisor of 326808 and 3382?
178
What is the highest common divisor of 64 and 281773568?
64
Calculate the greatest common factor of 7428 and 4421323872.
7428
Calculate the greatest common divisor of 24 and 595708248.
24
Calculate the greatest common factor of 27058 and 339366.
326
What is the highest common factor of 5729158 and 6806?
166
What is the highest common divisor of 55772700 and 354?
354
What is the highest common divisor of 20055915 and 3960?
495
Calculate the greatest common divisor of 92720 and 83509.
61
What is the greatest common factor of 8502 and 8074938?
654
Calculate the greatest common factor of 4559611 and 2303.
329
Calculate the greatest common divisor of 451758 and 24191198.
8858
Calculate the highest common divisor of 29780976 and 8.
8
Calculate the highest common divisor of 12 and 912972.
12
What is the greatest common factor of 603265 and 689?
13
What is the highest common divisor of 623248 and 1600?
16
Calculate the greatest common factor of 101574 and 52250.
418
What is the highest common factor of 114607 and 41?
1
What is the highest common divisor of 69302878 and 8?
2
What is the highest common divisor of 81691 and 52477?
541
What is the greatest common divisor of 12718690 and 2674?
382
Calculate the highest common factor of 48672 and 2168352.
288
Calculate the highest common factor of 161510 and 460.
10
Calculate the highest common factor of 3215854 and 3422.
118
Calculate the greatest common factor of 148362 and 6409614.
1878
What is the highest common divisor of 944440 and 200?
40
What is the greatest common divisor of 5852 and 1610592?
76
What is the highest common factor of 296064 and 642500?
1028
What is the highest common divisor of 15352 and 218968?
808
Calculate the greatest common factor of 12821096 and 16.
8
Calculate the greatest common divisor of 216 and 3523554.
54
What is the highest common factor of 7026 and 448971939?
3513
Calculate the highest common divisor of 7422 and 347640295.
1237
What is the highest common factor of 224151195 and 4530?
2265
What is the greatest common factor of 31852404 and 150?
6
What is the highest common divisor of 70574445 and 30690?
1395
What is the highest common factor of 27883452 and 5428?
92
Calculate the greatest common divisor of 588196572 and 3576.
1788
What is the greatest common factor of 510 and 3010806930?
510
Calculate the greatest common factor of 13635 and 169425.
135
Calculate the greatest common factor of 46401084 and 144.
36
What is the greatest common factor of 15 and 1975698?
3
What is the greatest common divisor of 603676923 and 1854?
309
What is the highest common factor of 9884085 and 10975?
2195
Calculate the greatest common divisor of 5886 and 135681129.
2943
Calculate the highest common factor of 1541910 and 11330.
1030
What is the greatest common factor of 27 and 28197783?
9
What is the greatest common factor of 99 and 20082029?
11
What is the highest common factor of 899620 and 17980?
620
Calculate the greatest common factor of 101283 and 1607543.
2597
Calculate the greatest common factor of 17364910 and 6960.
290
What is the greatest common factor of 55491 and 4313640?
1047
What is the greatest common factor of 60 and 1201644?
12
Calculate the greatest common factor of 575791237 and 5285.
1057
What is the greatest common divisor of 12544 and 7993600?
256
Calculate the greatest common divisor of 485 and 8574121.
97
Calculate the highest common divisor of 829122 and 784.
14
Calculate the greatest common divisor of 8412 and 375592996.
2804
Calculate the greatest common divisor of 9977776 and 464.
16
Calculate the highest common factor of 54 and 30827682.
54
What is the highest common divisor of 155 and 3736895?
155
What is the greatest common divisor of 5000506 and 826?
14
What is the greatest common factor of 6496 and 17800?
8
What is the greatest common factor of 131672 and 147586?
218
Calculate the highest common divisor of 161 and 349825.
7
What is the highest common divisor of 4930550 and 13950?
1550
What is the highest common factor of 2549176 and 3724?
196
What is the greatest common factor of 120 and 3552243?
3
Calculate the greatest common factor of 49459687 and 3.
1
Calculate the highest common divisor of 9632 and 8579102.
602
Calculate the highest common factor of 149136 and 4147494.
78
Calculate the greatest common factor of 96 and 739888752.
48
Calculate the greatest common factor of 340 and 9863740.
340
What is the greatest common divisor of 110066202 and 1140?
114
Calculate the greatest common divisor of 4788 and 92428.
28
Calculate the highest common factor of 400 and 11464050.
50
Calculate the greatest common divisor of 1302 and 34693557.
93
Calculate the greatest common factor of 25883 and 3718.
143
What is the highest common divisor of 44517788 and 56?
28
What is the highest common divisor of 508602 and 7482?
174
Calculate the greatest common factor of 108360 and 25996768.
2408
Calculate the highest common divisor of 5526 and 328645035.
2763
Calculate the highest common factor of 7559784 and 54.
54
Calculate the highest common factor of 6177178 and 2598.
866
What is the greatest common divisor of 24621894 and 29502?
198
What is the highest common factor of 73474 and 70669?
17
What is the greatest common factor of 330 and 179234?
22
Calculate the greatest common divisor of 3 and 515045589.
3
What is the highest common factor of 18057 and 1664?
13
What is the highest common factor of 18977 and 3276?
7
Calculate the greatest common factor of 12075629 and 377.
29
What is the highest common factor of 221490190 and 10?
10
What is the highest common divisor of 18465522 and 186?
186
What is the highest common factor of 45 and 6749385?
15
What is the greatest common factor of 40439 and 903392?
763
Calculate the highest common factor of 120 and 5444130.
30
What is the greatest common divisor of 2874909 and 380?
19
What is the highest common factor of 92586327 and 12909?
993
What is the greatest common divisor of 35352 and 4060872?
72
What is the highest common divisor of 37973 and 21252?
23
Calculate the highest common divisor of 201878205 and 3930.
1965
What is the highest common factor of 14130 and 14812165?
785
Calculate the greatest common factor of 7001150 and 5200.
650
Calculate the greatest common factor of 1377 and 170935731.
459
What is the greatest common divisor of 1009 and 4510230?
1009
What is the highest common factor of 45406722 and 502590?
9138
Calculate the highest common factor of 716 and 4389080.
716
What is the highest common factor of 122331 and 31944?
363
Calculate the highest common divisor of 5032592 and 592.
592
Calculate the highest common factor of 131754755 and 77.
11
What is the highest common factor of 75820 and 899640?
340
Calculate the greatest common divisor of 10393058 and 6344.
1586
Calculate the greatest common divisor of 63 and 24536727.
9
What is the highest common factor of 3600 and 5291280?
720
What is the greatest common divisor of 3623391 and 522?
9
What is the greatest common divisor of 1511161 and 1588736?
3103
What is the greatest common factor of 17 and 5338918?
17
What is the highest common divisor of 12278845 and 138890?
1615
Calculate the greatest common divisor of 33964 and 764876.
28
Calculate the highest common divisor of 557931 and 12441.
957
What is the greatest common factor of 29961727 and 152?
19
What is the highest common divisor of 6840 and 4885470?
1710
Calculate the greatest common divisor of 927234 and 960498.
4158
Calculate the greatest common factor of 40672 and 4475.
1
Calculate the greatest common factor of 882294 and 106.
2
What is the highest common factor of 696 and 90654?
174
Calculate the highest common factor of 2925314 and 62663.
223
Calculate the greates